{"id":171,"date":"2017-01-04T21:16:52","date_gmt":"2017-01-04T20:16:52","guid":{"rendered":"https:\/\/schual.at\/?page_id=171"},"modified":"2017-01-10T15:40:28","modified_gmt":"2017-01-10T14:40:28","slug":"pfarrkirche-st-nikolaus-in-gradenegg","status":"publish","type":"page","link":"https:\/\/schual.at\/index.php\/pfarrkirche-st-nikolaus-in-gradenegg\/","title":{"rendered":"Pfarrkirche St. Nikolaus in Gradenegg"},"content":{"rendered":"<p>Die 1285 erstmals urkundlich erw\u00e4hnte Pfarrkirche Gradenegg ist dem heiligen <a href=\"https:\/\/de.wikipedia.org\/wiki\/Nikolaus_von_Myra\">Nikolaus<\/a> geweiht.<img loading=\"lazy\" decoding=\"async\" class=\"alignnone size-medium wp-image-259 aligncenter\" src=\"https:\/\/schual.at\/wp-content\/uploads\/Kirche-Gradenegg-Karte-300x191.jpg\" alt=\"\" width=\"300\" height=\"191\" srcset=\"https:\/\/schual.at\/wp-content\/uploads\/Kirche-Gradenegg-Karte-300x191.jpg 300w, https:\/\/schual.at\/wp-content\/uploads\/Kirche-Gradenegg-Karte-768x488.jpg 768w, https:\/\/schual.at\/wp-content\/uploads\/Kirche-Gradenegg-Karte-1024x651.jpg 1024w, https:\/\/schual.at\/wp-content\/uploads\/Kirche-Gradenegg-Karte.jpg 1475w\" sizes=\"auto, (max-width: 300px) 100vw, 300px\" \/><\/p>\n<p>Der mittelalterliche Bau wurde mehrmals umgestaltet und besitzt einen vorgestellten sp\u00e4tbarocken Westturm aus dem Jahre 1788 mit einem Spitzhelm aus der zweiten H\u00e4lfte des 19. Jahrhunderts. Die Glocke wurde von Georg Fiering 1609 gegossen. Das Kirchenschiff setzt sich aus einem im Kern romanischen Langhaus und einem eingezogenen polygonalen Chor mit Strebepfeilern aus der ersten H\u00e4lfte des 14. Jahrhunderts zusammen. S\u00fcdlich des Chores schlie\u00dft die <a href=\"https:\/\/de.wikipedia.org\/wiki\/Sakristei\">Sakristei<\/a> an und an der Chornordseite ein Kapellenanbau aus dem 16. Jahrhundert. An der Langhauss\u00fcdwand befindet sich eine Sonnenuhr mit unkenntlichem Wappenschild.<\/p>\n<p>Betreten wird die Kirche durch ein abgefasstes rundbogiges Westportal. \u00dcber dem Langhaus erstreckt sich ein aus dem 16. Jahrhundert stammendes, vierjochiges Netzgratgew\u00f6lbe auf vorgelegten Wandpfeilern. Ein rundbogiger Triumphbogen verbindet das Langhaus mit dem Chor. Der einjochige Chor mit 3\/8-Schluss ist kreuzgratgew\u00f6lbt, wie auch der quadratische Kapellenanbau.<\/p>\n<p>Die beiden Glasfenster im Chor von 1909 zeigen den heiligen <a href=\"https:\/\/de.wikipedia.org\/wiki\/Josef_von_Nazaret\">Josef<\/a> mit Jesuskind und die Erziehung der jungen Maria. Auf den modernen Fenster im Langhaus sind die Heiligen <a href=\"https:\/\/de.wikipedia.org\/wiki\/Elisabeth_von_Th%C3%BCringen\">Elisabeth<\/a>, <a href=\"https:\/\/de.wikipedia.org\/wiki\/Hemma_von_Gurk\">Hemma<\/a>, <a href=\"https:\/\/de.wikipedia.org\/wiki\/Florian_von_Lorch\">Florian<\/a>, <a href=\"https:\/\/de.wikipedia.org\/wiki\/Leonhard_von_Limoges\">Leonhard<\/a>, <a href=\"https:\/\/de.wikipedia.org\/wiki\/Isidor_von_Madrid\">Isidor<\/a> und <a href=\"https:\/\/de.wikipedia.org\/wiki\/Theresia_von_Lisieux\">Theresia von Lisieux<\/a> dargestellt<\/p>\n<p>Die Fresken im Chor stammten aus der ersten H\u00e4lfte des 14. Jahrhunderts. Sie stellen Szenen zur Nikolauslegende, ein Fragment eines <a href=\"https:\/\/de.wikipedia.org\/wiki\/Schmerzensmann\">Schmerzensmannes<\/a>, <a href=\"https:\/\/de.wikipedia.org\/wiki\/Johannes_der_T%C3%A4ufer\">Johannes den T\u00e4ufer<\/a>, <a href=\"https:\/\/de.wikipedia.org\/wiki\/Johannes_%28Evangelist%29\">Johannes den Evangelisten<\/a> und eine unbekannte Heilige dar. An der Triumphbogenlaibung wurden Reste der sp\u00e4tromantischen Apsisdekoration mit einer <a href=\"https:\/\/de.wikipedia.org\/wiki\/Majestas_Domini\">Majestasdarstellung<\/a> freigelegt. Die Deckenmalereien im Langhaus wurden im 18. Jahrhundert geschaffen und zeigen wieder Szenen zur Nikolauslegende.<\/p>\n<p>Der moderne Sakramentsaltar besteht aus Holz. Auf der Tabernakelt\u00fcre ist die <a href=\"https:\/\/de.wikipedia.org\/wiki\/Verk%C3%BCndigung_des_Herrn\">Verk\u00fcndigung an Maria<\/a> in Reliefform dargestellt. An der rechten Triumphbogenwand steht auf einer Konsole eine Statue des Heiligen Nikolaus aus dem 18. Jahrhundert, die Madonnenschnitzfigur an der linken Triumphbogenwand ist eine Kopie einer gotischen Statue und wurde im 20. Jahrhundert gefertigt. In der Kirche sind die Wappengrabplatten von Franz Freiherr von Aschau (1680) und Maria Theresia Frein von Aschau\/Lang (1730) angebracht. (Quelle: <em>Dehio-Handbuch. Die Kunstdenkm\u00e4ler \u00d6sterreichs. K\u00e4rnten<\/em>. Anton Schroll, Wien 2001, <a href=\"https:\/\/de.wikipedia.org\/wiki\/Spezial:ISBN-Suche\/370310712X\">ISBN 3-7031-0712-X<\/a>, S. 226.)<\/p>\n","protected":false},"excerpt":{"rendered":"<p>Die 1285 erstmals urkundlich erw\u00e4hnte Pfarrkirche Gradenegg ist dem heiligen Nikolaus geweiht. Der mittelalterliche Bau wurde mehrmals umgestaltet und besitzt einen vorgestellten sp\u00e4tbarocken Westturm aus dem Jahre 1788 mit einem Spitzhelm aus der zweiten H\u00e4lfte des 19. Jahrhunderts. Die Glocke wurde von Georg Fiering 1609 gegossen. Das Kirchenschiff setzt sich aus einem im Kern romanischen [&hellip;]<\/p>\n","protected":false},"author":1,"featured_media":0,"parent":0,"menu_order":0,"comment_status":"closed","ping_status":"closed","template":"","meta":{"footnotes":""},"class_list":["post-171","page","type-page","status-publish","hentry"],"_links":{"self":[{"href":"https:\/\/schual.at\/index.php\/wp-json\/wp\/v2\/pages\/171","targetHints":{"allow":["GET"]}}],"collection":[{"href":"https:\/\/schual.at\/index.php\/wp-json\/wp\/v2\/pages"}],"about":[{"href":"https:\/\/schual.at\/index.php\/wp-json\/wp\/v2\/types\/page"}],"author":[{"embeddable":true,"href":"https:\/\/schual.at\/index.php\/wp-json\/wp\/v2\/users\/1"}],"replies":[{"embeddable":true,"href":"https:\/\/schual.at\/index.php\/wp-json\/wp\/v2\/comments?post=171"}],"version-history":[{"count":2,"href":"https:\/\/schual.at\/index.php\/wp-json\/wp\/v2\/pages\/171\/revisions"}],"predecessor-version":[{"id":260,"href":"https:\/\/schual.at\/index.php\/wp-json\/wp\/v2\/pages\/171\/revisions\/260"}],"wp:attachment":[{"href":"https:\/\/schual.at\/index.php\/wp-json\/wp\/v2\/media?parent=171"}],"curies":[{"name":"wp","href":"https:\/\/api.w.org\/{rel}","templated":true}]}}